{"id":17,"date":"2018-01-10T14:34:05","date_gmt":"2018-01-10T14:34:05","guid":{"rendered":"https:\/\/rikstvatt.se\/?page_id=17"},"modified":"2022-10-26T06:48:03","modified_gmt":"2022-10-26T06:48:03","slug":"hem","status":"publish","type":"page","link":"https:\/\/rikstvatt.se\/lima\/","title":{"rendered":"Tv\u00e4tteri Lima Tv\u00e4tten"},"content":{"rendered":"","protected":false},"excerpt":{"rendered":"<p>Lima Tv\u00e4tten erbjuder tv\u00e4tt och uthyrning av textilier f\u00f6r hotell, konferens och restaurang. Vi \u00e4r ett gammalt men modernt familjef\u00f6retag i Dalarna med n\u00f6jda kunder i hela mellansverige.<\/p>\n","protected":false},"author":1,"featured_media":1824,"parent":0,"menu_order":0,"comment_status":"closed","ping_status":"open","template":"","meta":{"wds_primary_groups":0,"footnotes":""},"class_list":["post-17","page","type-page","status-publish","has-post-thumbnail","hentry"],"_links":{"self":[{"href":"https:\/\/rikstvatt.se\/lima\/wp-json\/wp\/v2\/pages\/17","targetHints":{"allow":["GET"]}}],"collection":[{"href":"https:\/\/rikstvatt.se\/lima\/wp-json\/wp\/v2\/pages"}],"about":[{"href":"https:\/\/rikstvatt.se\/lima\/wp-json\/wp\/v2\/types\/page"}],"author":[{"embeddable":true,"href":"https:\/\/rikstvatt.se\/lima\/wp-json\/wp\/v2\/users\/1"}],"replies":[{"embeddable":true,"href":"https:\/\/rikstvatt.se\/lima\/wp-json\/wp\/v2\/comments?post=17"}],"version-history":[{"count":0,"href":"https:\/\/rikstvatt.se\/lima\/wp-json\/wp\/v2\/pages\/17\/revisions"}],"wp:featuredmedia":[{"embeddable":true,"href":"https:\/\/rikstvatt.se\/lima\/wp-json\/wp\/v2\/media\/1824"}],"wp:attachment":[{"href":"https:\/\/rikstvatt.se\/lima\/wp-json\/wp\/v2\/media?parent=17"}],"curies":[{"name":"wp","href":"https:\/\/api.w.org\/{rel}","templated":true}]}}