{"id":252,"date":"2018-02-23T06:26:53","date_gmt":"2018-02-23T06:26:53","guid":{"rendered":"https:\/\/rikstvatt.se\/?page_id=252"},"modified":"2023-01-18T10:03:57","modified_gmt":"2023-01-18T10:03:57","slug":"industriklader","status":"publish","type":"page","link":"https:\/\/rikstvatt.se\/lima\/arbetsklader\/industriklader\/","title":{"rendered":"Industrikl\u00e4der"},"content":{"rendered":"","protected":false},"excerpt":{"rendered":"<p>Det \u00e4r viktigt att du v\u00e4ljer att ge din arbetspersonal r\u00e4tt utrustning och r\u00e4tt skydd s\u00e5 att de tryggt och effektivt kan utf\u00f6ra sina uppdrag \u2013 f\u00f6r sin egen skull, sina familjers, f\u00f6retagets och era slutkunders. <\/p>\n","protected":false},"author":1,"featured_media":1998,"parent":300,"menu_order":0,"comment_status":"closed","ping_status":"open","template":"","meta":{"wds_primary_groups":0,"footnotes":""},"class_list":["post-252","page","type-page","status-publish","has-post-thumbnail","hentry","groups-industri","groups-verkstad"],"_links":{"self":[{"href":"https:\/\/rikstvatt.se\/lima\/wp-json\/wp\/v2\/pages\/252","targetHints":{"allow":["GET"]}}],"collection":[{"href":"https:\/\/rikstvatt.se\/lima\/wp-json\/wp\/v2\/pages"}],"about":[{"href":"https:\/\/rikstvatt.se\/lima\/wp-json\/wp\/v2\/types\/page"}],"author":[{"embeddable":true,"href":"https:\/\/rikstvatt.se\/lima\/wp-json\/wp\/v2\/users\/1"}],"replies":[{"embeddable":true,"href":"https:\/\/rikstvatt.se\/lima\/wp-json\/wp\/v2\/comments?post=252"}],"version-history":[{"count":0,"href":"https:\/\/rikstvatt.se\/lima\/wp-json\/wp\/v2\/pages\/252\/revisions"}],"up":[{"embeddable":true,"href":"https:\/\/rikstvatt.se\/lima\/wp-json\/wp\/v2\/pages\/300"}],"wp:featuredmedia":[{"embeddable":true,"href":"https:\/\/rikstvatt.se\/lima\/wp-json\/wp\/v2\/media\/1998"}],"wp:attachment":[{"href":"https:\/\/rikstvatt.se\/lima\/wp-json\/wp\/v2\/media?parent=252"}],"curies":[{"name":"wp","href":"https:\/\/api.w.org\/{rel}","templated":true}]}}